ppose 2*k + y - 193 = o. What is the highest common divisor of 10 and k?
10
Let r = 18 - 16. Let b = 14 - r. What is the greatest common factor of b and 3?
3
Suppose 2*g = -2*z + 24, 0 = -4*z - 0*g - 5*g + 50. Suppose -2 = 5*h - 27. What is the greatest common divisor of h and z?
5
Let a = 11 - 6. Let p(h) = -h + 11. Let s be p(a). What is the greatest common divisor of s and 3?
3
Let l = 71 - 57. What is the highest common divisor of 2 and l?
2
Let s(p) = -p**3 - 5*p**2 + 7. Let y be s(-5). Let c(g) = -g - 1. Let a be c(-7). Suppose -a - y = -i. What is the greatest common divisor of 117 and i?
13
Suppose -2*w - 13 = -u, -2*u = 3*u - w - 65. Let p(d) = 10*d. Let f be p(-2). Let i = 33 + f. Calculate the greatest common divisor of i and u.
13
Let h(i) = i**2 + 4*i. Let o be h(-4). Let w be (o - -3) + (7 - -38). Calculate the highest common factor of w and 32.
16
Let v be (-2)/(-3 - -2) + -16. Let f(s) = -3*s + 14. Let t be f(v). What is the greatest common divisor of t and 7?
7
Suppose -5*a + 39 = -2*r, 30 = -a + 5*a - 2*r. What is the greatest common factor of a and 18?
9
Let a be 6*-1*(-5)/2. What is the highest common divisor of a and 75?
15
Let i(c) = 2*c**2 - 3*c - 1. Let o be i(7). What is the highest common divisor of o and 114?
38
Let b(r) = -r**3 - 6*r**2 - 3*r + 9. Let n be b(-5). Let g be -2 + (-11 - -4)*n. Calculate the highest common divisor of 20 and g.
5
Let o(h) = -h**3 - 6*h**2 + 7*h + 4. Let q be o(-8). Let r = q + -54. Suppose a - 3*a + r = 0. Calculate the highest common factor of a and 11.
11
Let c(f) = -1 + 4*f**2 - 2*f**2 - 1. Let r be c(4). Let i = 54 - r. Calculate the highest common factor of i and 8.
8
Let y = 99 + 5. Calculate the highest common divisor of 26 and y.
26
Let r = 8 - 0. Let i(l) = 2*l**2 - 8*l - 19. Let s be i(r). Let g be 2/(-6) - 32/(-6). Calculate the highest common factor of s and g.
5
Let j = 41 - 24. Let g(b) = 4*b**2 + 4*b + 5. Let n be g(4). What is the greatest common divisor of j and n?
17
Let n be -28*(-3)/(-12)*-2. Let l be (-1 - -8)*(1 + 1). What is the highest common factor of l and n?
14
Let x(u) = -u**3 - 8*u**2 - 9*u + 6. Let k be x(-7). What is the highest common divisor of 5 and k?
5
Let u(w) = -7*w + 4. Let m be u(-3). Suppose -8 - 3 = -3*f + 5*o, -3*f - 4*o - m = 0. Let z be 1/(f*(-1)/12). What is the highest common divisor of z and 4?
4
Suppose 6*w = -13 + 91. Calculate the highest common factor of w and 26.
13
Let h(y) = 2*y**2 - 2*y + 1. Let u be h(1). Suppose 4*a = 5 + 31. What is the highest common factor of a and u?
1
Suppose -7*p = -40 - 170. Calculate the greatest common divisor of p and 10.
10
Suppose -12*t + 7*t + 225 = 0. What is the highest common divisor of t and 18?
9
Let h = 138 - 50. What is the greatest common factor of h and 11?
11
Let k be (-2)/(-10) + 132/15. Calculate the greatest common factor of k and 63.
9
Suppose -2*s + 4*a + 360 = 0, 3*a + 106 = s - 70. Suppose -5*m + 3*d = -425, -3*m + d + s = -71. Calculate the greatest common divisor of 11 and m.
11
Let d be 200/14 - 8/28. Suppose d = 3*j - 130. What is the highest common factor of 12 and j?
12
Suppose 5*z + 343 = 5*b + 1518, -15 = -5*b. Calculate the highest common divisor of 14 and z.
14
Let u(f) = 22*f - 3. Suppose k = 2*b, 4*k + 0*b + 2*b - 20 = 0. Let s be u(k). Calculate the highest common factor of s and 17.
17
Let y be 5 - (-4)/(20/15). What is the greatest common factor of y and 40?
8
Let u = -10 - -12. Suppose -3*y = 2*l - 98, -33 = -u*y - 4*l + 19. Calculate the greatest common factor of y and 4.
4
Suppose -3*a = -8 - 46. Suppose 0*q = -2*q - 70. Let f = q - -89. Calculate the greatest common factor of f and a.
18
Let q = -21 - -22. Let w be ((-5)/15)/((-2)/12). Calculate the greatest common factor of q and w.
1
Suppose -z + 7*z - 108 = 0. What is the highest common divisor of 9 and z?
9
Let s = -1 + 6. Suppose -6*l - k = -3*l - 28, s*l - 3*k - 42 = 0. Let t(y) = 4*y**2 + 7*y + 9. Let i be t(-4). Calculate the greatest common divisor of l and i.
9
Suppose 2*d + 3*d = 40. Calculate the greatest common factor of 2 and d.
2
Let m be 40 + -9 + 1 + -4. Calculate the greatest common divisor of m and 56.
28
Let u = 89 + -67. What is the greatest common divisor of 88 and u?
22
Suppose 4*t + f + 21 = 2*f, 3*t + 4*f = 8. Let q be t/6*-51 + -2. Calculate the greatest common divisor of 8 and q.
8
Let a(k) = 8*k**3 - k - 1. Let w be a(2). Suppose o = x - w, 5*x + o - 264 = x. Calculate the highest common divisor of x and 13.
13
Let k(o) = -o**2 + 8*o - 7. Let w be k(5). Let p be 2/3*6/4. What is the highest common factor of w and p?
1
Let k be 28 - (-8)/(2*-2). Calculate the greatest common divisor of 65 and k.
13
Suppose 0 = -6*v + 3*v - 384. Let l be v/(-56) + 2/(-7). What is the highest common factor of l and 18?
2
Suppose -41 = 3*g + 4. Let h = g + 60. What is the greatest common divisor of h and 5?
5
Suppose g - 10 - 118 = 0. Let t(k) = 2*k - 9. Let m be t(6). Suppose -103 = -m*x + g. What is the greatest common divisor of 11 and x?
11
Let o(k) = k**2 + k - 37. Let c be o(-13). Calculate the greatest common factor of 17 and c.
17
Suppose -3*k - 5*y + 55 = 0, -6*y = k - y - 5. Suppose 111*s = 115*s - 40. Calculate the highest common factor of s and k.
5
Let v = -89 + 131. Calculate the greatest common factor of 14 and v.
14
Let y be 0 - (-1 - (85 - -4)). Calculate the greatest common divisor of 18 and y.
18
Let b = 57 - 7. Calculate the greatest common factor of b and 10.
10
Suppose -3*s = 1 - 10. Suppose s*c = -8 + 29. Let w(o) = 3*o**2 - o. Let x be w(5). Calculate the greatest common factor of x and c.
7
Let y = -65 - -87. What is the highest common factor of 176 and y?
22
Let o be (4/4)/((-3)/6). Let f be (-7)/o*4/2. Calculate the highest common divisor of 7 and f.
7
Let v = 191 - 46. Suppose -2*i - 13 + v = 0. What is the greatest common factor of 6 and i?
6
Let v be (-35)/(-10) - 3/(-12)*2. What is the greatest common divisor of v and 4?
4
Let t(m) = m**3 + 13*m**2 - 12*m + 10. Let f be t(-14). Let b be 9*(-4)/f*12. What is the greatest common factor of b and 8?
8
Let d(q) = -2*q**2 - 12*q + 17. Let u be d(-7). What is the highest common factor of u and 1?
1
Let q(b) = 2*b**2 + 1. Let g be q(1). Suppose 0 = 6*h - g*h - 225. Calculate the greatest common divisor of h and 25.
25
Let t = -62 - -33. Let k = t - -40. What is the greatest common factor of 44 and k?
11
Suppose 8*q + 24 = 88. Calculate the highest common factor of 3 and q.
1
Suppose -h - 10 = 4*h. Let y be -1 - (-18 + (-3 - h)). Calculate the highest common factor of 18 and y.
18
Suppose 0 = 5*r - 2*r - 24. Let p be 3/12 - (-54)/r. Let b be (6/p)/(1/28). Calculate the highest common factor of 3 and b.
3
Suppose -i = -2*v + 11, -i - v - 13 = -5*v. Let d be 2/(1 - 0) - 9. Let h = d - i. What is the greatest common factor of 18 and h?
2
Let x(g) be the first derivative of -g**4/4 + 2*g**3 - 2*g**2 - 3*g + 1. Let v be x(5). What is the greatest common factor of 16 and v?
2
Let h = -11 + 8. Let m = h + 2. Let d be ((-6)/(-3) - 16)/m. Calculate the greatest common factor of d and 154.
14
Suppose 0 = -3*k - 0*z - 3*z - 9, -4*z - 10 = 2*k. Let v be (9*k)/((-3)/(-2)). Let g = v + 12. What is the greatest common divisor of g and 4?
2
Suppose 0 = 3*d - k - 79, 139 = 5*d - 3*k + 5*k. Let z = d - 8. What is the highest common factor of 57 and z?
19
Let o = 11 + -2. Suppose 5*w + o = 2*w. Let f be 42 - -1*(-6)/w. Calculate the highest common divisor of f and 11.
11
Let a = -4 + 6. Let h be 2/a - (-49)/1. Suppose 0 = 8*j - 2*j - 60. What is the highest common factor of h and j?
10
Let z(a) = 4*a**2 - 4*a + 11. Let l be z(2). Calculate the greatest common divisor of 38 and l.
19
Let d be -3*(0 - (-21)/9). Let s be 1*d*(1 + -2). Calculate the highest common factor of s and 7.
7
Suppose -2*q = -45 - 65. Let n(c) = c**2 + 3*c - 7*c + 0*c**2 + 1. Let b be n(-3). Calculate the highest common factor of b and q.
11
Let h(a) = 2*a + 5. Let v be h(2). Calculate the greatest common factor of v and 81.
9
Let q(p) = p - 3. Suppose -3*i + 10 = -5. Let s be q(i). Suppose -18 = -0*u - 3*u. Calculate the highest common divisor of s and u.
2
Suppose m = -m + 108. Suppose -2*p = p - m. Let t be (-3)/(-3*(-1)/(-2)). What is the greatest common factor of t and p?
2
S